ate the remainder when m(-16) is divided by d(-20).
23
Suppose -g - y + 17 = 0, -37 = -5*g - 93*y + 94*y. Calculate the remainder when 4935 is divided by g.
3
Let n = 37362 - 37303. What is the remainder when 2937 is divided by n?
46
Suppose z = -19*z + 15840. Let v = z + -699. Calculate the remainder when v is divided by 48.
45
Suppose 129*j - 1222 = 1641 + 362. What is the remainder when 44 is divided by j?
19
Suppose 4*r + 2268 = -3*c + 2602, -3*c = 2*r - 164. What is the remainder when 1346 is divided by r?
71
Let b = -14882 - -14910. Let t = -17 - -75. Calculate the remainder when t is divided by b.
2
Let y(x) = 23*x + 1217. What is the remainder when 53 is divided by y(-52)?
11
Let c(d) = -d - 10. Let m be c(-10). Let w be (-4)/(-4) + m/4. What is the remainder when 17 is divided by w + -1 + 2 + 2?
1
Let l = -45 - -43. Let t(j) = -5*j + 28. Let k(f) = 5*f - 29. Let b(w) = l*k(w) - 3*t(w). Calculate the remainder when 25 is divided by b(7).
7
Let d(o) = -56*o + 1382. Calculate the remainder when d(10) is divided by 160.
22
Let y = 18 + -12. Let m(o) = -26595*o + 125. What is the remainder when m(0) is divided by y?
5
Let h(l) = -l**3 - 8*l**2 - 46*l - 146. Let d = 1 + -1. Let b = d - -14. Calculate the remainder when b is divided by h(-5).
5
Let j = 144 + -137. Suppose -j*h = 3*h - 900. Calculate the remainder when 174 is divided by h.
84
Suppose -3*z = 4*t - 475, -3*z + 19*t - 16*t + 447 = 0. Let o = z - 113. Calculate the remainder when 2580/33 - 6/33 is divided by o.
38
Suppose 0 = -2*g + 16, 2*i - 384 = 3*g + 1264. Calculate the remainder when 1687 is divided by i.
15
Suppose 7*l - 16 = -2. Suppose 38 = l*z - 22. Calculate the remainder when (-3)/(z/8) + (-836)/(-20) is divided by 12.
5
Suppose -2*r - r - 9 = 0. Let o(d) = 3*d**2 - d + 145. What is the remainder when o(0) is divided by (8/(-24))/(r/333)?
34
Let w(j) = 53*j - 1948. Calculate the remainder when w(63) is divided by 174.
173
Suppose 233*l - 10846 = 217*l + 2578. Calculate the remainder when l is divided by 41.
19
Let k(j) = j**2 + 90*j + 1550. What is the remainder when 498 is divided by k(-69)?
94
Suppose -19*q = -68*q - 2450 + 9408. Calculate the remainder when 159 is divided by q.
17
Let x(q) = 9*q**2 + 56*q - 448. Calculate the remainder when x(8) is divided by 20.
16
Let o = 189 + -186. Suppose -5*c - 126 = -o*u - 2*c, c + 230 = 5*u. Calculate the remainder when u is divided by 6.
5
Suppose 16*l - 490 = 19*l - s, 4*s = -5*l - 828. Let w = -138 - l. What is the remainder when 49 is divided by w?
23
Let u(d) = -31*d**3 - 16*d**2 + 2*d + 49. Let y(x) = -11*x**3 - 5*x**2 + 16. Let q(i) = 6*u(i) - 17*y(i). What is the remainder when q(10) is divided by 31?
11
Suppose 57*o = 51*o + 6. Suppose -22*n = -23*n + o. What is the remainder when 21 is divided by n?
0
Let g = -176 - -181. Suppose -g*f + 25*f = 320. Calculate the remainder when 319 is divided by f.
15
Let u(m) = -m**2 + 97*m - 1503. Suppose 0 = r + 1 - 21. Calculate the remainder when u(20) is divided by r.
17
Let u(j) = -j**2 + 8*j + 2175. What is the remainder when u(0) is divided by 18?
15
Let i = 16 - -55. Let b = 392597 + -392456. Calculate the remainder when b is divided by i.
70
What is the remainder when (-176)/480*-78*15 is divided by 100?
29
Let t = -248 + 248. Suppose t = 3*k + 6 - 51. Calculate the remainder when 208 is divided by k.
13
Suppose -8083 - 5547 = -29*g. What is the remainder when g is divided by 72?
38
Suppose 80*h - 172*h + 13300 = -22*h. Calculate the remainder when 693 is divided by h.
123
Calculate the remainder when (3 + -324 + -5)*(-23)/46 is divided by 36.
19
Let d be -1*(-5 + 6 + 72). Let t = d + 94. What is the remainder when t is divided by 7?
0
Suppose 4*o - 3*h = 783, -h + 1 + 2 = 0. What is the remainder when 98 is divided by 342/17 - (4 + o/(-51))?
18
Let n = -14011 - -14332. What is the remainder when n is divided by 110?
101
Let u(z) = 1374*z - 4107. What is the remainder when 80 is divided by u(3)?
5
What is the remainder when 7635 is divided by (-7)/(-28)*-16*67/(-2)?
131
Let u be (-8)/3*(-117)/(-26). Let b = -49 - -81. Calculate the remainder when 3/u + (-6)/8 - -123 is divided by b.
26
Calculate the remainder when 343 is divided by ((-975)/1)/(-13) + 13.
79
Suppose 10*b - 1287 = 393. What is the remainder when b is divided by ((-43)/(-2))/((-1)/(-2))?
39
Let w(i) = -i**3 - 18*i**2 - 6*i - 459. Let u = -14 - -8. What is the remainder when (-1165)/(-15) + (-2)/u is divided by w(-19)?
14
Suppose -3*b = -3*i - 30, 189*b - 186*b - 4*i - 29 = 0. Suppose -o - 3*w - 13 = 0, 0 = 3*o + 3*w + 9. Calculate the remainder when b is divided by o.
1
Let o(u) = -2*u**2 - 88*u + 1226. What is the remainder when o(-31) is divided by 10?
2
Let u = -8586 + 9174. What is the remainder when u is divided by 16?
12
Let t(q) be the second derivative of -11*q**3/2 + 153*q**2/2 - 273*q. Calculate the remainder when 1131 is divided by t(3).
51
Let t be (-1 - -1)*(-2)/4. Suppose 0 = 4*i + 3*o - 196, t = -4*o + 2*o + 8. Calculate the remainder when 91 is divided by i.
45
Let z(b) = -b**3 + b**2 - 12*b - 15. Suppose 3*u - 69 = -4*i + 11, 3*i - 60 = 2*u. What is the remainder when z(-3) is divided by i?
17
Suppose -225*d + 223*d + 1008 = 0. Suppose -12*t + d = 6*t. What is the remainder when 54 is divided by t?
26
Calculate the remainder when (11792/(-201))/((-2)/(-72))*-1 is divided by 50.
12
Suppose 1173 + 1734 = h - 5*i, -2*h + 5758 = 4*i. Calculate the remainder when h is divided by 85.
82
Suppose -11*n + 3019 = 113*q - 115*q, 3*q = n - 297. What is the remainder when n is divided by 57?
45
Let r be 3 + (-35)/7 - (-380)/(-2). Let w = -175 - r. What is the remainder when 219 is divided by w?
15
What is the remainder when -5*1/(2/((-4614)/15)) is divided by 112?
97
Calculate the remainder when 1989 is divided by ((-1830)/(-12) - -10)/(8/32).
39
Suppose 2*i = 2*m - 130, 0 = -253*i + 250*i + 18. Let v(f) = 37*f**2 - f - 1. What is the remainder when m is divided by v(-1)?
34
Suppose 0 = -3*i - 5*v + 77, -5*i = -i - 4*v - 60. Let k be 5/((-10)/(-73))*10. Suppose -2*u = 3*u - k. What is the remainder when u is divided by i?
16
Calculate the remainder when 403 is divided by 16965/117 - 1*-1.
111
Let k = 49 + -35. What is the remainder when (-10)/(760/9709)*(-132)/231 is divided by k?
3
Let q(y) = y**2 - 4*y - 6. Let t(p) = p**2 - 9*p + 2. Let d be t(8). Suppose -11*o - 181*o + 3094 = 29*o. Calculate the remainder when q(d) is divided by o.
12
Calculate the remainder when 1660 is divided by 3/(-4)*328/246 - -278.
275
Let n(z) = 79 - 6*z + 52*z - 7*z - 19*z - 6*z. What is the remainder when n(11) is divided by 39?
38
Let i = -299 + 333. Let g(p) = -5*p + 2. Calculate the remainder when (-255)/i*32/(-1) is divided by g(-5).
24
Let y = 5976 - -1670. Calculate the remainder when y is divided by 15.
11
Suppose -202*h - d = -197*h - 1265, -4*h + 3*d + 993 = 0. What is the remainder when 970 is divided by h?
214
Let b be (8/32 - (-286)/8) + 2. Suppose 2*a = 4*j + j + b, -j = -3*a + 83. What is the remainder when 104 is divided by a?
17
Suppose 0 = 5*l - 2*l - 5*f - 2095, 4*f - 1382 = -2*l. What is the remainder when l is divided by 229?
8
Let q = 0 + 7. Suppose -13 = -3*r - 2*t - 11, 2*r + t = 0. What is the remainder when 42 is divided by r/q + 4 + (-204)/(-28)?
9
Let p = -29 - -38. What is the remainder when (-2)/p - (-6377)/63 is divided by 53?
48
Let y = -2970 + 3366. What is the remainder when y is divided by 20?
16
Let p = -107 + 130. Calculate the remainder when 471*21/(-18)*6/(-21) is divided by p.
19
Let b(a) = a. Let d(j) = 3*j + 6. Let q(t) = -2*b(t) + d(t). Let f be q(5). Let z(h) = h**2 - 3*h + 9. What is the remainder when z(f) is divided by 20?
17
Suppose -7*z = -2 - 12. Suppose 85 = z*h + 3*h. Suppose 0 = -2*y - 8, -5*y - 14 + 0 = q. What is the remainder when h is divided by q?
5
Let n(m) = 3*m**3 - 32*m**2 + 45*m + 18. Let u(h) = 11*h - 3. Let b be 54/12 + (-1)/(-2). Calculate the remainder when u(b) is divided by n(9).
16
Let l = -7013 + 7053. What is the remainder when 9558 is divided by l?
38
Let n = -2861 - -2891. What is the remainder when 1105 is divided by n?
25
Suppose -c = -10*c + c. Suppose -11*k + 10*k + 3 = c. Let v(u) = 37*u - 20. Calculate the remainder when v(k) is divided by 3